{"id":32534,"date":"2026-04-28T16:43:13","date_gmt":"2026-04-28T13:43:13","guid":{"rendered":"https:\/\/www.athensmusicweek.gr\/?post_type=event&#038;p=32534"},"modified":"2026-04-29T16:00:56","modified_gmt":"2026-04-29T13:00:56","slug":"greetings-and-welcoming-speech","status":"publish","type":"event","link":"https:\/\/www.athensmusicweek.gr\/el\/events\/greetings-and-welcoming-speech\/","title":{"rendered":"Greetings and Welcoming Speech"},"content":{"rendered":"","protected":false},"excerpt":{"rendered":"","protected":false},"featured_media":0,"menu_order":0,"template":"","meta":{"_acf_changed":false,"footnotes":""},"tags":[],"event-cat":[86,103],"nationality":[],"music-genre":[],"destination":[809],"topic":[],"language":[79],"class_list":["post-32534","event","type-event","status-publish","hentry","event-cat-conference-el","event-cat-panels-el-2","destination-goethe-auditorium","language-english-el"],"acf":[],"featured_image_src":"","ams_acf":[{"key":"date","label":"Date","value":"6 \u039c\u03b1\u0390\u03bf\u03c5 2026"},{"key":"launch_time","label":"Launch Time","value":"14:15"},{"key":"end_time","label":"End Time","value":"14:30"},{"key":"hero_image","label":"Hero Image","value":30111},{"key":"performers","label":"Performers","value":[{"ID":17885,"post_author":"2133","post_date":"2023-05-10 08:53:47","post_date_gmt":"2023-05-10 05:53:47","post_content":"<!-- wp:paragraph -->\n<p>Involved for two decades in different fields and positions of the Music ecosystem (Co-Founder of Kosmos Radio 93.6, e-Terra Records and Van Dog Events), Georges has produced dozens of special events (for TV shows, Music Awards, Olympic Games) and has participated in numerous European Music Projects (<a href=\"https:\/\/hemimusichub.com\/\">HEMI Music Innovation Hub<\/a>, JUMP- European Music Market Accelerator, European Live Music Association).<\/p>\n<!-- \/wp:paragraph -->\n\n<!-- wp:paragraph -->\n<p>He is the Founder of the \u201cEuropean Music Day\u201d organizers network, the Founder and Artistic Director of the Athens Music Week, the co-founder of <a href=\"https:\/\/musictech.eu\/\" target=\"_blank\" rel=\"noreferrer noopener\">Music Tech Europe Association<\/a> and an Executive Board member of the&nbsp;<a href=\"https:\/\/musicconferences.org\/\">Federation of Music Conferences<\/a>.<\/p>\n<!-- \/wp:paragraph -->\n\n<!-- wp:paragraph -->\n<p>He is a partner of&nbsp;<a href=\"https:\/\/www.musictecheuropeacademy.eu\/\">Music Tech Europe Academy<\/a>&nbsp;programme and of the newly born project SONIC \u201cStrategic Opportunities for New Innovative Changes in Music Policies\u201d<\/p>\n<!-- \/wp:paragraph -->\n\n<!-- wp:paragraph -->\n<p><\/p>\n<!-- \/wp:paragraph -->","post_title":"Georges Perot (FR\/GR)","post_excerpt":"","post_status":"publish","comment_status":"closed","ping_status":"closed","post_password":"","post_name":"georges-perot-gr","to_ping":"","pinged":"","post_modified":"2026-04-22 00:06:21","post_modified_gmt":"2026-04-21 21:06:21","post_content_filtered":"","post_parent":0,"guid":"https:\/\/www.athensmusicweek.gr\/?post_type=speaker&#038;p=17885","menu_order":0,"post_type":"speaker","post_mime_type":"","comment_count":"0","filter":"raw"},{"ID":26470,"post_author":"1898","post_date":"2025-04-08 12:12:24","post_date_gmt":"2025-04-08 09:12:24","post_content":"<!-- wp:paragraph -->\n<p>Born in Germany, Marc-Andr\u00e9 Schmachtel studied in Saarbr\u00fccken and Qu\u00e9bec\/Canada. He has been active for several film festivals in Germany and is working since 2008 for the Goethe-Institut, first in Cameroon, then as head of Goethe-Institut Nigeria. He initiated several projects in the film, theatre, music and fine arts sector, both on a national and international level. In 2016 he was posted to the headquarters in Munich and was in charge for TV and radio cooperation, focusing amongst other on the artistic dimension of radio-making. As consultant to the head of Culture Department he was in charge of the support programs to Ukrainian artists after the Russian invasion and took over the position of artistic director at the project space \u201cGoethe-Institut in Exile\u201d in Berlin, organizing large festivals with Belarusian, Afghan and Iranian exile diasporas. In 2024 he has been posted to Athens as regional head of cultural programs.&nbsp;<\/p>\n<!-- \/wp:paragraph -->\n\n<!-- wp:paragraph -->\n<p>Links: <a href=\"https:\/\/www.instagram.com\/marcandre_schmachtel\/\" target=\"_blank\" rel=\"noreferrer noopener\">https:\/\/www.instagram.com\/marcandre_schmachtel\/<\/a>;&nbsp;<br><a href=\"https:\/\/www.facebook.com\/schmachtel\/\" target=\"_blank\" rel=\"noreferrer noopener\">(3) Facebook<\/a><\/p>\n<!-- \/wp:paragraph -->","post_title":"Marc-Andr\u00e9 Schmachtel\u00a0(DE\/FR)","post_excerpt":"","post_status":"publish","comment_status":"closed","ping_status":"closed","post_password":"","post_name":"marc-andre-schmachtel-de-fr","to_ping":"","pinged":"","post_modified":"2025-04-08 12:12:31","post_modified_gmt":"2025-04-08 09:12:31","post_content_filtered":"","post_parent":0,"guid":"https:\/\/www.athensmusicweek.gr\/?post_type=speaker&#038;p=26470","menu_order":0,"post_type":"speaker","post_mime_type":"","comment_count":"0","filter":"raw"}]}],"yoast_head":"<!-- This site is optimized with the Yoast SEO plugin v24.5 - https:\/\/yoast.com\/wordpress\/plugins\/seo\/ -->\n<title>Greetings and Welcoming Speech - Athens Music Week<\/title>\n<meta name=\"robots\" content=\"index, follow, max-snippet:-1, max-image-preview:large, max-video-preview:-1\" \/>\n<link rel=\"canonical\" href=\"https:\/\/www.athensmusicweek.gr\/el\/events\/greetings-and-welcoming-speech\/\" \/>\n<meta property=\"og:locale\" content=\"el_GR\" \/>\n<meta property=\"og:type\" content=\"article\" \/>\n<meta property=\"og:title\" content=\"Greetings and Welcoming Speech - Athens Music Week\" \/>\n<meta property=\"og:url\" content=\"https:\/\/www.athensmusicweek.gr\/el\/events\/greetings-and-welcoming-speech\/\" \/>\n<meta property=\"og:site_name\" content=\"Athens Music Week\" \/>\n<meta property=\"article:modified_time\" content=\"2026-04-29T13:00:56+00:00\" \/>\n<meta property=\"og:image\" content=\"https:\/\/www.athensmusicweek.gr\/wp-content\/uploads\/2022\/06\/AMW_avatars-3-copy-7@2x.webp\" \/>\n\t<meta property=\"og:image:width\" content=\"801\" \/>\n\t<meta property=\"og:image:height\" content=\"801\" \/>\n\t<meta property=\"og:image:type\" content=\"image\/webp\" \/>\n<meta name=\"twitter:card\" content=\"summary_large_image\" \/>\n<script type=\"application\/ld+json\" class=\"yoast-schema-graph\">{\"@context\":\"https:\/\/schema.org\",\"@graph\":[{\"@type\":\"WebPage\",\"@id\":\"https:\/\/www.athensmusicweek.gr\/el\/events\/greetings-and-welcoming-speech\/\",\"url\":\"https:\/\/www.athensmusicweek.gr\/el\/events\/greetings-and-welcoming-speech\/\",\"name\":\"Greetings and Welcoming Speech - Athens Music Week\",\"isPartOf\":{\"@id\":\"https:\/\/amw21.stix.gr\/#website\"},\"datePublished\":\"2026-04-28T13:43:13+00:00\",\"dateModified\":\"2026-04-29T13:00:56+00:00\",\"breadcrumb\":{\"@id\":\"https:\/\/www.athensmusicweek.gr\/el\/events\/greetings-and-welcoming-speech\/#breadcrumb\"},\"inLanguage\":\"el\",\"potentialAction\":[{\"@type\":\"ReadAction\",\"target\":[\"https:\/\/www.athensmusicweek.gr\/el\/events\/greetings-and-welcoming-speech\/\"]}]},{\"@type\":\"BreadcrumbList\",\"@id\":\"https:\/\/www.athensmusicweek.gr\/el\/events\/greetings-and-welcoming-speech\/#breadcrumb\",\"itemListElement\":[{\"@type\":\"ListItem\",\"position\":1,\"name\":\"Home\",\"item\":\"https:\/\/www.athensmusicweek.gr\/el\/\"},{\"@type\":\"ListItem\",\"position\":2,\"name\":\"Conference\",\"item\":\"https:\/\/www.athensmusicweek.gr\/el\/events-cats\/conference-el-2\/\"},{\"@type\":\"ListItem\",\"position\":3,\"name\":\"Greetings and Welcoming Speech\"}]},{\"@type\":\"WebSite\",\"@id\":\"https:\/\/amw21.stix.gr\/#website\",\"url\":\"https:\/\/amw21.stix.gr\/\",\"name\":\"Athens Music Week\",\"description\":\"Connecting Cultures. Inspiring Innovation\",\"publisher\":{\"@id\":\"https:\/\/amw21.stix.gr\/#organization\"},\"potentialAction\":[{\"@type\":\"SearchAction\",\"target\":{\"@type\":\"EntryPoint\",\"urlTemplate\":\"https:\/\/amw21.stix.gr\/?s={search_term_string}\"},\"query-input\":{\"@type\":\"PropertyValueSpecification\",\"valueRequired\":true,\"valueName\":\"search_term_string\"}}],\"inLanguage\":\"el\"},{\"@type\":\"Organization\",\"@id\":\"https:\/\/amw21.stix.gr\/#organization\",\"name\":\"Athens Music Week\",\"url\":\"https:\/\/amw21.stix.gr\/\",\"logo\":{\"@type\":\"ImageObject\",\"inLanguage\":\"el\",\"@id\":\"https:\/\/amw21.stix.gr\/#\/schema\/logo\/image\/\",\"url\":\"https:\/\/www.athensmusicweek.gr\/wp-content\/uploads\/2022\/06\/AMW_avatars-3-copy-7@2x.webp\",\"contentUrl\":\"https:\/\/www.athensmusicweek.gr\/wp-content\/uploads\/2022\/06\/AMW_avatars-3-copy-7@2x.webp\",\"width\":801,\"height\":801,\"caption\":\"Athens Music Week\"},\"image\":{\"@id\":\"https:\/\/amw21.stix.gr\/#\/schema\/logo\/image\/\"}}]}<\/script>\n<!-- \/ Yoast SEO plugin. -->","yoast_head_json":{"title":"Greetings and Welcoming Speech - Athens Music Week","robots":{"index":"index","follow":"follow","max-snippet":"max-snippet:-1","max-image-preview":"max-image-preview:large","max-video-preview":"max-video-preview:-1"},"canonical":"https:\/\/www.athensmusicweek.gr\/el\/events\/greetings-and-welcoming-speech\/","og_locale":"el_GR","og_type":"article","og_title":"Greetings and Welcoming Speech - Athens Music Week","og_url":"https:\/\/www.athensmusicweek.gr\/el\/events\/greetings-and-welcoming-speech\/","og_site_name":"Athens Music Week","article_modified_time":"2026-04-29T13:00:56+00:00","og_image":[{"width":801,"height":801,"url":"https:\/\/www.athensmusicweek.gr\/wp-content\/uploads\/2022\/06\/AMW_avatars-3-copy-7@2x.webp","type":"image\/webp"}],"twitter_card":"summary_large_image","schema":{"@context":"https:\/\/schema.org","@graph":[{"@type":"WebPage","@id":"https:\/\/www.athensmusicweek.gr\/el\/events\/greetings-and-welcoming-speech\/","url":"https:\/\/www.athensmusicweek.gr\/el\/events\/greetings-and-welcoming-speech\/","name":"Greetings and Welcoming Speech - Athens Music Week","isPartOf":{"@id":"https:\/\/amw21.stix.gr\/#website"},"datePublished":"2026-04-28T13:43:13+00:00","dateModified":"2026-04-29T13:00:56+00:00","breadcrumb":{"@id":"https:\/\/www.athensmusicweek.gr\/el\/events\/greetings-and-welcoming-speech\/#breadcrumb"},"inLanguage":"el","potentialAction":[{"@type":"ReadAction","target":["https:\/\/www.athensmusicweek.gr\/el\/events\/greetings-and-welcoming-speech\/"]}]},{"@type":"BreadcrumbList","@id":"https:\/\/www.athensmusicweek.gr\/el\/events\/greetings-and-welcoming-speech\/#breadcrumb","itemListElement":[{"@type":"ListItem","position":1,"name":"Home","item":"https:\/\/www.athensmusicweek.gr\/el\/"},{"@type":"ListItem","position":2,"name":"Conference","item":"https:\/\/www.athensmusicweek.gr\/el\/events-cats\/conference-el-2\/"},{"@type":"ListItem","position":3,"name":"Greetings and Welcoming Speech"}]},{"@type":"WebSite","@id":"https:\/\/amw21.stix.gr\/#website","url":"https:\/\/amw21.stix.gr\/","name":"Athens Music Week","description":"Connecting Cultures. Inspiring Innovation","publisher":{"@id":"https:\/\/amw21.stix.gr\/#organization"},"potentialAction":[{"@type":"SearchAction","target":{"@type":"EntryPoint","urlTemplate":"https:\/\/amw21.stix.gr\/?s={search_term_string}"},"query-input":{"@type":"PropertyValueSpecification","valueRequired":true,"valueName":"search_term_string"}}],"inLanguage":"el"},{"@type":"Organization","@id":"https:\/\/amw21.stix.gr\/#organization","name":"Athens Music Week","url":"https:\/\/amw21.stix.gr\/","logo":{"@type":"ImageObject","inLanguage":"el","@id":"https:\/\/amw21.stix.gr\/#\/schema\/logo\/image\/","url":"https:\/\/www.athensmusicweek.gr\/wp-content\/uploads\/2022\/06\/AMW_avatars-3-copy-7@2x.webp","contentUrl":"https:\/\/www.athensmusicweek.gr\/wp-content\/uploads\/2022\/06\/AMW_avatars-3-copy-7@2x.webp","width":801,"height":801,"caption":"Athens Music Week"},"image":{"@id":"https:\/\/amw21.stix.gr\/#\/schema\/logo\/image\/"}}]}},"_links":{"self":[{"href":"https:\/\/www.athensmusicweek.gr\/el\/wp-json\/wp\/v2\/event\/32534","targetHints":{"allow":["GET"]}}],"collection":[{"href":"https:\/\/www.athensmusicweek.gr\/el\/wp-json\/wp\/v2\/event"}],"about":[{"href":"https:\/\/www.athensmusicweek.gr\/el\/wp-json\/wp\/v2\/types\/event"}],"version-history":[{"count":3,"href":"https:\/\/www.athensmusicweek.gr\/el\/wp-json\/wp\/v2\/event\/32534\/revisions"}],"predecessor-version":[{"id":32537,"href":"https:\/\/www.athensmusicweek.gr\/el\/wp-json\/wp\/v2\/event\/32534\/revisions\/32537"}],"wp:attachment":[{"href":"https:\/\/www.athensmusicweek.gr\/el\/wp-json\/wp\/v2\/media?parent=32534"}],"wp:term":[{"taxonomy":"post_tag","embeddable":true,"href":"https:\/\/www.athensmusicweek.gr\/el\/wp-json\/wp\/v2\/tags?post=32534"},{"taxonomy":"event-cat","embeddable":true,"href":"https:\/\/www.athensmusicweek.gr\/el\/wp-json\/wp\/v2\/event-cat?post=32534"},{"taxonomy":"nationality","embeddable":true,"href":"https:\/\/www.athensmusicweek.gr\/el\/wp-json\/wp\/v2\/nationality?post=32534"},{"taxonomy":"music-genre","embeddable":true,"href":"https:\/\/www.athensmusicweek.gr\/el\/wp-json\/wp\/v2\/music-genre?post=32534"},{"taxonomy":"destination","embeddable":true,"href":"https:\/\/www.athensmusicweek.gr\/el\/wp-json\/wp\/v2\/destination?post=32534"},{"taxonomy":"topic","embeddable":true,"href":"https:\/\/www.athensmusicweek.gr\/el\/wp-json\/wp\/v2\/topic?post=32534"},{"taxonomy":"language","embeddable":true,"href":"https:\/\/www.athensmusicweek.gr\/el\/wp-json\/wp\/v2\/language?post=32534"}],"curies":[{"name":"wp","href":"https:\/\/api.w.org\/{rel}","templated":true}]}}

6 Μαΐου 2026

<!-- wp:paragraph -->
<p>Born in Germany, Marc-André Schmachtel studied in Saarbrücken and Québec/Canada. He has been active for several film festivals in Germany and is working since 2008 for the Goethe-Institut, first in Cameroon, then as head of Goethe-Institut Nigeria. He initiated several projects in the film, theatre, music and fine arts sector, both on a national and international level. In 2016 he was posted to the headquarters in Munich and was in charge for TV and radio cooperation, focusing amongst other on the artistic dimension of radio-making. As consultant to the head of Culture Department he was in charge of the support programs to Ukrainian artists after the Russian invasion and took over the position of artistic director at the project space “Goethe-Institut in Exile” in Berlin, organizing large festivals with Belarusian, Afghan and Iranian exile diasporas. In 2024 he has been posted to Athens as regional head of cultural programs.&nbsp;</p>
<!-- /wp:paragraph -->

<!-- wp:paragraph -->
<p>Links: <a href="https://www.instagram.com/marcandre_schmachtel/" target="_blank" rel="noreferrer noopener">https://www.instagram.com/marcandre_schmachtel/</a>;&nbsp;<br><a href="https://www.facebook.com/schmachtel/" target="_blank" rel="noreferrer noopener">(3) Facebook</a></p>
<!-- /wp:paragraph -->

Marc-André Schmachtel (DE/FR)
